{"id":6707,"date":"2024-01-23T10:47:44","date_gmt":"2024-01-23T10:47:44","guid":{"rendered":"https:\/\/www.kardoskut.hu\/?page_id=6707"},"modified":"2024-01-23T10:47:44","modified_gmt":"2024-01-23T10:47:44","slug":"kardoskut-kozseg-onkormanyzata-kozerdeku-adatai","status":"publish","type":"page","link":"https:\/\/www.kardoskut.hu\/?page_id=6707","title":{"rendered":"Kardosk\u00fat K\u00f6zs\u00e9g \u00d6nkorm\u00e1nyzata k\u00f6z\u00e9rdek\u0171 adatai"},"content":{"rendered":"<p><strong>Kardosk\u00fat K\u00f6zs\u00e9g \u00d6nkorm\u00e1nyzata \u00e1ltal\u00e1nos k\u00f6zz\u00e9t\u00e9teli list\u00e1ja<br \/>\n<\/strong><strong> <a href=\"https:\/\/www.kardoskut.hu\/wp-content\/uploads\/2024\/01\/alap_ures.pdf\">IDE<\/a> kattintva ismerhet\u0151 meg.<\/strong><\/p>\n<p><a href=\"https:\/\/kozadat.hu\/kereso\/\" target=\"_blank\" rel=\"noopener\"><strong><img loading=\"lazy\" decoding=\"async\" src=\"https:\/\/www.bacskiskun.hu\/storage\/pages\/July2023\/pictures\/rHIJzbePLDUOwSMkdOaSGFJHVx7iNXr14MPwBDXx.png\" alt=\"\" width=\"188\" height=\"29\" \/><\/strong><\/a><\/p>\n<p><strong>A k\u00f6zadatkeres\u0151 a NISZ Nemzeti Infokommunik\u00e1ci\u00f3s Szolg\u00e1ltat\u00f3 Zrt. K\u00f6zadat programja keret\u00e9ben m\u0171k\u00f6dik. Az int\u00e9zm\u00e9nyek feladatair\u00f3l \u00e9s az adatszolg\u00e1ltat\u00e1s m\u00f3dj\u00e1r\u00f3l a www.kozadattar.hu oldalon olvashat.<\/strong><\/p>\n<p><a href=\"http:\/\/kozadat.hu\/kereso\/osszetett-kereso\" target=\"_blank\" rel=\"noopener\">\u00d6sszetett keres\u00e9s \u00bb<\/a><\/p>\n<p><a href=\"http:\/\/kozadat.hu\/kereso\/\" target=\"_blank\" rel=\"noopener\">Gyorskeres\u00e9s \u00bb<\/a><\/p>\n<p>A Gyorskeres\u00e9s oldala a K\u00f6zadatkeres\u0151 \u00e1ltal\u00e1nosan haszn\u00e1lhat\u00f3 keres\u0151 fel\u00fclete.<br \/>\nAlapvet\u0151 haszn\u00e1lata egyszer\u0171: a Keres\u00e9s sz\u00f6vegmez\u0151be \u00edrjuk be azt a sz\u00f3t vagy azokat a szavakat, amelyeket tartalmaz\u00f3 le\u00edr\u00e1sokat keres\u00fcnk, majd az Enter billenty\u0171 megnyom\u00e1s\u00e1val vagy a Keres gombra val\u00f3 kattint\u00e1ssal ind\u00edtsuk el a keres\u00e9st.<\/p>\n<p><strong>A sz\u00f6vegmez\u0151be a k\u00f6vetkez\u0151 szab\u00e1lyok figyelembe v\u00e9tel\u00e9vel \u00edrhatunk be sz\u00f6veget:<\/strong><\/p>\n<p>&#8211; egy bizonyos sz\u00f3ra szeretn\u00e9nk keresni: egyszer\u0171en \u00edrjuk be a sz\u00f3t. P\u00e9lda: GKM<br \/>\n&#8211; t\u00f6bb sz\u00f3t adunk meg, legal\u00e1bb az egyik szerepeljen: egyszer\u0171en \u00edrjuk be a t\u00f6bb sz\u00f3t. P\u00e9lda: GKM p\u00e1ly\u00e1zatok<br \/>\n&#8211; t\u00f6bb sz\u00f3t adunk meg, mindegyik szerepeljen: \u00edrjuk be a t\u00f6bb sz\u00f3t, mindegyik el\u0151tt egy + jelet \u00edrva. P\u00e9lda: +GKM +p\u00e1ly\u00e1zatok<br \/>\n&#8211; pontos kifejez\u00e9st szeretn\u00e9nk keresni: id\u00e9z\u0151jelek k\u00f6z\u00f6tt \u00edrjuk be a kifejez\u00e9st. P\u00e9lda: &#8222;el\u00e9rhet\u0151s\u00e9gi adatok&#8221;<\/p>\n","protected":false},"excerpt":{"rendered":"<p>Kardosk\u00fat K\u00f6zs\u00e9g \u00d6nkorm\u00e1nyzata \u00e1ltal\u00e1nos k\u00f6zz\u00e9t\u00e9teli list\u00e1ja IDE kattintva ismerhet\u0151 meg. A k\u00f6zadatkeres\u0151 a NISZ Nemzeti Infokommunik\u00e1ci\u00f3s Szolg\u00e1ltat\u00f3 Zrt. K\u00f6zadat programja keret\u00e9ben m\u0171k\u00f6dik. Az int\u00e9zm\u00e9nyek feladatair\u00f3l \u00e9s az adatszolg\u00e1ltat\u00e1s m\u00f3dj\u00e1r\u00f3l a www.kozadattar.hu oldalon olvashat. \u00d6sszetett keres\u00e9s \u00bb Gyorskeres\u00e9s \u00bb A Gyorskeres\u00e9s oldala a K\u00f6zadatkeres\u0151 \u00e1ltal\u00e1nosan haszn\u00e1lhat\u00f3 keres\u0151 fel\u00fclete. Alapvet\u0151 haszn\u00e1lata egyszer\u0171: a Keres\u00e9s sz\u00f6vegmez\u0151be \u00edrjuk be &hellip; <\/p>\n<p class=\"link-more\"><a href=\"https:\/\/www.kardoskut.hu\/?page_id=6707\" class=\"more-link\"><span class=\"screen-reader-text\">&#8222;Kardosk\u00fat K\u00f6zs\u00e9g \u00d6nkorm\u00e1nyzata k\u00f6z\u00e9rdek\u0171 adatai&#8221;<\/span> b\u0151vebben<\/a><\/p>\n","protected":false},"author":1,"featured_media":0,"parent":46,"menu_order":0,"comment_status":"closed","ping_status":"closed","template":"","meta":{"footnotes":""},"class_list":["post-6707","page","type-page","status-publish","hentry"],"_links":{"self":[{"href":"https:\/\/www.kardoskut.hu\/index.php?rest_route=\/wp\/v2\/pages\/6707","targetHints":{"allow":["GET"]}}],"collection":[{"href":"https:\/\/www.kardoskut.hu\/index.php?rest_route=\/wp\/v2\/pages"}],"about":[{"href":"https:\/\/www.kardoskut.hu\/index.php?rest_route=\/wp\/v2\/types\/page"}],"author":[{"embeddable":true,"href":"https:\/\/www.kardoskut.hu\/index.php?rest_route=\/wp\/v2\/users\/1"}],"replies":[{"embeddable":true,"href":"https:\/\/www.kardoskut.hu\/index.php?rest_route=%2Fwp%2Fv2%2Fcomments&post=6707"}],"version-history":[{"count":1,"href":"https:\/\/www.kardoskut.hu\/index.php?rest_route=\/wp\/v2\/pages\/6707\/revisions"}],"predecessor-version":[{"id":6709,"href":"https:\/\/www.kardoskut.hu\/index.php?rest_route=\/wp\/v2\/pages\/6707\/revisions\/6709"}],"up":[{"embeddable":true,"href":"https:\/\/www.kardoskut.hu\/index.php?rest_route=\/wp\/v2\/pages\/46"}],"wp:attachment":[{"href":"https:\/\/www.kardoskut.hu\/index.php?rest_route=%2Fwp%2Fv2%2Fmedia&parent=6707"}],"curies":[{"name":"wp","href":"https:\/\/api.w.org\/{rel}","templated":true}]}}